-2*j + 7*j = -4*o + 313. Let a be (9*1 - 10935/972)/(1/(-12)). What is the greatest common divisor of a and o?
9
Let c be 374 - 33/66*(0 - -12). Calculate the greatest common divisor of c and 64.
16
Suppose -404*q - 661*q + 15332 - 12663 = -21826. Let g(s) = s. Let h be g(2). Let x be -1 - ((-322)/h + -1). Calculate the greatest common divisor of q and x.
23
Let x be ((-8)/78)/((-144)/(-216)) - 5438/(-26). What is the highest common factor of 121 and x?
11
Let x(i) = 22*i - 8. Let d be x(6). Let k be 15 - (-24)/(-3 - 0). Suppose 0 = 2*o + k*o - 279. Calculate the highest common divisor of d and o.
31
Let o be (-1)/(3 - -1)*-18*(-128)/(-96). What is the highest common factor of o and 8106?
6
Suppose 453 = 10*g - 4057. Calculate the greatest common divisor of g and 44.
11
Suppose -192*q + 133*q = -275766. What is the highest common factor of q and 615?
123
Suppose 3*b - 2*b = 2*o - 314, 755 = 5*o + 5*b. Let w = o - 43. Let t = w - -56. What is the highest common divisor of 21 and t?
21
Suppose 6*t - 32 = 4*t. Let j = 48 - t. What is the highest common factor of 160 and j?
32
Suppose -3*m - 77 = 4*h, -8*m = -10*m - 2*h - 52. Let y be 1*4*15*(-9)/m. Calculate the highest common factor of 220 and y.
20
Suppose -2*t + 4*n = -482, -3*t - 13*n = -8*n - 668. What is the greatest common factor of t and 672?
21
Let n = -52 - -154. Suppose -377 + 37 = -5*z. Suppose z = 6*j - 4*j. Calculate the greatest common divisor of n and j.
34
Suppose -8*g = 14*g - 88. Suppose 0 = l - 5*l + v - 13, 0 = -4*l + 3*v - 15. Let q(u) = -14*u + 2. Let k be q(l). What is the greatest common factor of k and g?
4
Suppose -2*r - 5*u + 62 = -190, -5*r = u - 630. What is the highest common factor of r and 4284?
126
Let c(s) = -2*s - 9. Let x(d) = -2*d**2 - 4*d - 4. Let v be x(-3). Let z be c(v). Suppose -299 = 22*w - 4413. What is the highest common factor of w and z?
11
Suppose 10*p + 404 - 464 = 7*p. What is the highest common factor of p and 20?
20
Let f = 684 + -687. Let b(y) = -40*y + 64. Let o be b(f). Suppose -3*z = 3*u - 57, 0 = -5*u + u - 16. Calculate the greatest common divisor of z and o.
23
Suppose 8*m + 416 + 88 = 0. Let n be 18/(-10)*1470/m. Suppose -5*r + 517 = 2*g, -3*r + 2*g + 205 + 118 = 0. Calculate the highest common factor of n and r.
21
Suppose -3881 = -8*c - x, 5*c = 3*x + 2979 - 528. What is the greatest common divisor of c and 270?
54
Suppose 1080 = 2*z + 3*z. Suppose -306*a + 120*a = -126*a - 5760. What is the highest common factor of z and a?
24
Let b(x) = -4*x + 4. Let y be b(2). Let s = 40 - y. Let o = -34 + s. Calculate the highest common factor of o and 25.
5
Let a = -57 + 165. Suppose 16*g - 57 = 7. Let t be (-6 - (6 + -12)) + g*3. What is the greatest common divisor of t and a?
12
Let g = -8 + 27. Suppose -w - g = -79. Suppose 125*c - 23*c - 15300 = 0. Calculate the highest common divisor of c and w.
30
Suppose -102*a + 3943 = -3538 - 15367. What is the highest common divisor of 266 and a?
14
Let h(l) = l**3 - 17*l**2 + 17*l + 6. Let j be h(16). Let s = 77 + -59. Let i = 103 + s. Calculate the highest common factor of j and i.
11
Suppose 0 = -102*p + 18249 + 12963. Calculate the greatest common divisor of 136 and p.
34
Let n(g) be the third derivative of -g**4/12 - 7*g**3/3 + 81*g**2. Let w be n(-15). What is the highest common factor of 48 and w?
16
Let v = -83 - -56. Let p = 33 + v. Let o = -10 - -19. What is the highest common factor of o and p?
3
Let v = 3 - 11. Let d(k) = 2*k**2 - 10*k + 2. Let p be d(v). Let x be 6/(11 - 540/50). What is the highest common factor of p and x?
30
Let s be (666/(-8))/(-1)*4. Let y(b) = 169*b**2 + 16901*b + 137. Let p be y(-100). Calculate the greatest common divisor of s and p.
37
Let q(c) = 2*c**3 - 2*c**2 - 2*c - 2. Let d be q(3). Let w be (-3 - 1/(2/(-8))) + d. Let t = w - 13. What is the highest common factor of 88 and t?
8
Let f(a) = a**3 + 6*a**2 - a - 2. Let u be f(-6). Suppose 3*p + 189 = 2*m + m, 0 = u*m - 2*p - 256. Calculate the highest common divisor of m and 20.
5
Let q(g) = 11*g**2 + 26*g**3 - 3*g + 26 - 55*g**3 + 28*g**3. Let m be q(11). Let z be 39*(-32)/(-42) + (-2)/m. What is the greatest common factor of 270 and z?
30
Suppose -21*d - 3110 = -3*o - 19*d, 0 = -o - 4*d + 1004. Calculate the highest common factor of 7396 and o.
172
Let v be (0 + 90)*((-2)/(-22) - (-1683)/5445). Let y = 16 + 8. What is the greatest common factor of v and y?
12
Let y = 34891 + -18259. What is the highest common factor of 198 and y?
198
Let d(n) = 3*n**2 + 14*n - 145. Let z be d(-17). Let p = 116 + -72. What is the highest common factor of z and p?
44
Let c(u) = -10*u**3 + 2*u**2 - 3*u - 6. Let m be c(-3). Let d = m - 233. Let q be (-3)/5 + (-444)/(-15). Calculate the highest common factor of d and q.
29
Let p be 11*(38 - (-2)/1). Let h be 72/27 + 2/(-3). Suppose 204 = 5*i - 4*u, -4 = -h*u + 6*u. Calculate the highest common factor of i and p.
40
Let m = -101 + 95. Let t(o) = o**2 - 8*o + 7. Let y be t(m). What is the greatest common factor of y and 13?
13
Suppose -a = -9*a + 152. Let u(g) = 81*g - 53. Let l be u(3). Calculate the highest common factor of l and a.
19
Suppose 14*g - 286 = 3*g. Suppose -4*r = -2*o + g - 184, -5*r = -3*o - 196. What is the greatest common divisor of 533 and r?
41
Let u(x) = -4*x**3 + 3*x**2 - 6*x - 1. Let y be u(-2). Calculate the greatest common divisor of y and 4015.
55
Let j(l) = -l**3 - 9*l**2 + 21*l - 9. Let k be j(-11). Suppose 5*q = -k*w + 712, -5*w = 3*q - 6*w - 436. Calculate the highest common factor of q and 9.
9
Let w = 47 - 14. Suppose 715 = -6*b + 15*b - 4*b. What is the greatest common factor of w and b?
11
Let b = 27914 + -27559. What is the highest common divisor of b and 8236?
71
Let z be (2744/4)/14 + 11. What is the highest common factor of z and 675?
15
Let i = 509 - 191. Suppose -a + 140 + i = 3*r, 0 = -2*r + 4*a + 296. Calculate the greatest common divisor of r and 38.
38
Let a be (25 + -55)*(2*-1 + 1). Let g be -30*(528/a)/(-4). What is the greatest common factor of 198 and g?
66
Let g = 1053 + -605. Let n = 646 - g. Calculate the greatest common divisor of 12 and n.
6
Let x(y) = y**2 + 2*y + 2. Let o be x(1). Suppose -92 = -q - o*k, 3*q - 3*k - 204 = -0*k. What is the highest common factor of q and 252?
36
Let t(i) = 2*i**2 + 140*i + 897. Let m be t(-73). Calculate the highest common divisor of 6 and m.
3
Let a(d) = -2631*d + 144939. Let o be a(55). Let x = 42 - 29. Calculate the greatest common divisor of x and o.
13
Let r be -3*(18/180 - (-279)/10). Let u be r/(-196) - (-596)/14. Calculate the greatest common factor of 43 and u.
43
Let p = -50 - -53. Suppose 4*u = 9*u - p*v - 213, -4*v = u - 61. Calculate the greatest common divisor of u and 75.
15
Let a = 36331 + -35975. Calculate the greatest common divisor of 7387 and a.
89
Suppose 0 = -7*o - o + 16. Suppose 5*s - 546 = f + 575, 5*s - 1122 = o*f. Calculate the highest common factor of 32 and s.
32
Let a = -18 - -8. Let c be ((-84)/a)/((-2)/(-10)). Let h(z) = -z**2 + 16*z + 1155. Let m be h(-26). Calculate the greatest common factor of c and m.
21
Suppose 16*f + 20 = 20*f, -1079 = -4*b + 5*f. What is the highest common factor of b and 4209?
69
Let d = 263 - 331. Let b = -13 + 0. Let r = b - d. Calculate the greatest common factor of r and 5.
5
Let h(x) = -x**2 + 6*x - 5. Let o be h(4). Let m = 35872 + -35821. What is the greatest common factor of o and m?
3
Suppose 4 = 3*j - j. Let y be 3 + (-26)/j*7. Let s = y + 205. What is the greatest common divisor of 39 and s?
39
Suppose -3*g = -29*m + 31*m - 16, 3*g + 19 = 5*m. Suppose -7 - 3 = -2*c. Suppose 74 = c*y - 201. What is the highest common divisor of m and y?
5
Suppose 2*u - 24 = 2*y, -72*u + 3*y - 20 = -76*u. What is the greatest common divisor of 36 and u?
4
Let f be (-759)/(-5) + 8/40. Suppose 0 = -d + 4*r + 85, 2*r = 3*d - 83 - f. Calculate the greatest common divisor of d and 22.
11
Let d be 3/(4/(-5) + 1). Suppose 3*r = 2*u - 0*r - 206, 418 = 4*u - 3*r. Let h = u + -61. What is the highest common factor of d and h?
15
Let r = 1685 - 1375. What is the greatest common factor of r and 20?
10
Suppose -82*r = 87*r + 86*r - 1318350. What is the greatest common divisor of r and 110?
110
Suppose 6 = 2*b, r = b - 0*b - 28. Let j = 29 + r. Suppose -3*x =